{"version":"1.0","provider_name":"Wurll Jasper + Kollegen","provider_url":"https:\/\/wurll-jasper.de\/en\/","author_name":"Guido Wurll","author_url":"https:\/\/wurll-jasper.de\/en\/author\/guido-wurll\/","title":"Kranke m\u00fcssen nicht zum Personalgespr\u00e4ch - Wurll Jasper + Kollegen","type":"rich","width":600,"height":338,"html":"<blockquote class=\"wp-embedded-content\" data-secret=\"h6wu9s8lS5\"><a href=\"https:\/\/wurll-jasper.de\/en\/kranke-muessen-nicht-zum-personalgespraech\/\">Kranke m\u00fcssen nicht zum Personalgespr\u00e4ch<\/a><\/blockquote><iframe sandbox=\"allow-scripts\" security=\"restricted\" src=\"https:\/\/wurll-jasper.de\/en\/kranke-muessen-nicht-zum-personalgespraech\/embed\/#?secret=h6wu9s8lS5\" width=\"600\" height=\"338\" title=\"&#8220;Kranke m\u00fcssen nicht zum Personalgespr\u00e4ch&#8221; &#8212; Wurll Jasper + Kollegen\" data-secret=\"h6wu9s8lS5\" frameborder=\"0\" marginwidth=\"0\" marginheight=\"0\" scrolling=\"no\" class=\"wp-embedded-content\"><\/iframe><script>\n\/*! This file is auto-generated *\/\n!function(d,l){\"use strict\";l.querySelector&&d.addEventListener&&\"undefined\"!=typeof URL&&(d.wp=d.wp||{},d.wp.receiveEmbedMessage||(d.wp.receiveEmbedMessage=function(e){var t=e.data;if((t||t.secret||t.message||t.value)&&!\/[^a-zA-Z0-9]\/.test(t.secret)){for(var s,r,n,a=l.querySelectorAll('iframe[data-secret=\"'+t.secret+'\"]'),o=l.querySelectorAll('blockquote[data-secret=\"'+t.secret+'\"]'),c=new RegExp(\"^https?:$\",\"i\"),i=0;i<o.length;i++)o[i].style.display=\"none\";for(i=0;i<a.length;i++)s=a[i],e.source===s.contentWindow&&(s.removeAttribute(\"style\"),\"height\"===t.message?(1e3<(r=parseInt(t.value,10))?r=1e3:~~r<200&&(r=200),s.height=r):\"link\"===t.message&&(r=new URL(s.getAttribute(\"src\")),n=new URL(t.value),c.test(n.protocol))&&n.host===r.host&&l.activeElement===s&&(d.top.location.href=t.value))}},d.addEventListener(\"message\",d.wp.receiveEmbedMessage,!1),l.addEventListener(\"DOMContentLoaded\",function(){for(var e,t,s=l.querySelectorAll(\"iframe.wp-embedded-content\"),r=0;r<s.length;r++)(t=(e=s[r]).getAttribute(\"data-secret\"))||(t=Math.random().toString(36).substring(2,12),e.src+=\"#?secret=\"+t,e.setAttribute(\"data-secret\",t)),e.contentWindow.postMessage({message:\"ready\",secret:t},\"*\")},!1)))}(window,document);\n<\/script>\n","description":"Wer krank geschrieben ist, ist von seiner Arbeitspflicht befreit. Doch wie ist die Lage, wenn der Arbeitgeber ausdr\u00fccklich zu einem Personalgespr\u00e4ch einl\u00e4dt? Der zehnte Senat des Bundesarbeitsgerichts hat hierzu am 02. November 2016 (10 AZR 596\/15) entschieden, dass w\u00e4hrend der Krankheit keine Anwesenheitspflicht im Betrieb bestehe. Bei dringenden Ausnahmenf\u00e4llen gilt dies jedoch nicht. Sachverhalt: Der...","thumbnail_url":"https:\/\/wurll-jasper.de\/wp-content\/uploads\/WurllJasper_Logo_188-x-110-px_01.png","thumbnail_width":197,"thumbnail_height":110}

Kranke müssen nicht zum Personalgespräch - Wurll Jasper + Kollegen

<blockquote class="wp-embedded-content" data-secret="h6wu9s8lS5"><a href="https://wurll-jasper.de/en/kranke-muessen-nicht-zum-personalgespraech/">Kranke müssen nicht zum Personalgespräch</a></blockquote><iframe sandbox="allow-scripts" security="restricted" src="https://wurll-jasper.de/en/kranke-muessen-nicht-zum-personalgespraech/embed/#?secret=h6wu9s8lS5" width="600" height="338" title="&#8220;Kranke müssen nicht zum Personalgespräch&#8221; &#8212; Wurll Jasper + Kollegen" data-secret="h6wu9s8lS5" frameborder="0" marginwidth="0" marginheight="0" scrolling="no" class="wp-embedded-content"></iframe><script>
/*! This file is auto-generated */
!function(d,l){"use strict";l.querySelector&&d.addEventListener&&"undefined"!=typeof URL&&(d.wp=d.wp||{},d.wp.receiveEmbedMessage||(d.wp.receiveEmbedMessage=function(e){var t=e.data;if((t||t.secret||t.message||t.value)&&!/[^a-zA-Z0-9]/.test(t.secret)){for(var s,r,n,a=l.querySelectorAll('iframe[data-secret="'+t.secret+'"]'),o=l.querySelectorAll('blockquote[data-secret="'+t.secret+'"]'),c=new RegExp("^https?:$","i"),i=0;i<o.length;i++)o[i].style.display="none";for(i=0;i<a.length;i++)s=a[i],e.source===s.contentWindow&&(s.removeAttribute("style"),"height"===t.message?(1e3<(r=parseInt(t.value,10))?r=1e3:~~r<200&&(r=200),s.height=r):"link"===t.message&&(r=new URL(s.getAttribute("src")),n=new URL(t.value),c.test(n.protocol))&&n.host===r.host&&l.activeElement===s&&(d.top.location.href=t.value))}},d.addEventListener("message",d.wp.receiveEmbedMessage,!1),l.addEventListener("DOMContentLoaded",function(){for(var e,t,s=l.querySelectorAll("iframe.wp-embedded-content"),r=0;r<s.length;r++)(t=(e=s[r]).getAttribute("data-secret"))||(t=Math.random().toString(36).substring(2,12),e.src+="#?secret="+t,e.setAttribute("data-secret",t)),e.contentWindow.postMessage({message:"ready",secret:t},"*")},!1)))}(window,document);
</script>

Wer krank geschrieben ist, ist von seiner Arbeitspflicht befreit. Doch wie ist die Lage, wenn der Arbeitgeber ausdrücklich zu einem Personalgespräch einlädt? Der zehnte Senat des Bundesarbeitsgerichts hat hierzu am 02. November 2016 (10 AZR 596/15) entschieden, dass während der Krankheit keine Anwesenheitspflicht im Betrieb bestehe. Bei dringenden Ausnahmenfällen gilt dies jedoch nicht. Sachverhalt: Der...
